 base 14
1176
-20003 (base 5) to base 7
-3440
a73 (base 13) to base 12
1048
What is -1102210011 (base 3) in base 14?
-a437
-721 (base 10) to base 4
-23101
Convert 5555 (base 7) to base 13.
bab
What is -12301 (base 4) in base 10?
-433
Convert 2206 (base 9) to base 10.
1626
Convert 54312 (base 6) to base 9.
11208
What is -2575 (base 9) in base 13?
-b57
Convert 573b (base 15) to base 14.
6a5c
6d (base 14) to base 11
89
-3131 (base 6) to base 4
-22333
Convert 34370 (base 8) to base 7.
60343
Convert -1396 (base 10) to base 5.
-21041
Convert 12033203 (base 4) to base 3.
1022002002
393 (base 14) to base 5
10332
218 (base 10) to base 5
1333
-1265 (base 15) to base 7
-14300
What is 4505 (base 8) in base 5?
33443
What is -3863 (base 10) in base 15?
-1228
Convert 20847 (base 9) to base 5.
420223
What is -15757 (base 10) in base 8?
-36615
-5a8 (base 16) to base 9
-1878
What is -2324 (base 11) in base 10?
-3051
Convert -6786 (base 10) to base 11.
-510a
-96 (base 10) to base 11
-88
Convert -11421 (base 5) to base 2.
-1101011101
-132 (base 4) to base 7
-42
What is 50773 (base 9) in base 7?
166326
31111 (base 10) to base 16
7987
2610 (base 16) to base 4
2120100
What is 1087 (base 9) in base 4?
30220
What is -11006 (base 11) in base 4?
-3321222
What is 5532 (base 6) in base 12?
8a8
Convert 5c2 (base 16) to base 3.
2000121
Convert -276 (base 16) to base 14.
-330
What is 1010011010 (base 2) in base 13?
3c3
What is 10221012 (base 3) in base 11?
2177
What is 6c3a (base 16) in base 13?
c7c3
What is -24617 (base 12) in base 11?
-34019
Convert -187 (base 12) to base 3.
-100011
-1402 (base 7) to base 12
-391
335b (base 14) to base 10
8901
-138ac (base 14) to base 13
-19028
-22100002 (base 4) to base 12
-2036a
27d6 (base 15) to base 9
12623
-212221100 (base 3) to base 5
-1024301
What is f1c (base 16) in base 15?
122d
Convert a57 (base 11) to base 9.
1663
-3271 (base 13) to base 14
-27b7
What is 1022124 (base 6) in base 12?
24944
Convert -e873 (base 16) to base 10.
-59507
What is -10000101100 (base 2) in base 13?
-642
b00 (base 14) to base 16
86c
Convert -2053 (base 7) to base 14.
-39a
11220011 (base 3) to base 2
110111110000
Convert 1130010 (base 4) to base 16.
1704
What is -555 (base 9) in base 5?
-3310
What is -385 (base 11) in base 8?
-710
1070 (base 9) to base 8
1430
-400104 (base 5) to base 13
-591a
Convert -2a8 (base 14) to base 7.
-1401
What is 3b3 (base 13) in base 9?
805
Convert -12121 (base 4) to base 10.
-409
274b (base 15) to base 14
30ba
What is -1231032 (base 4) in base 2?
-1101101001110
What is 12003 (base 4) in base 9?
470
Convert 2113 (base 5) to base 11.
238
Convert -103101 (base 5) to base 7.
-13165
Convert -3455 (base 9) to base 2.
-101000000001
3311221 (base 4) to base 9
23507
Convert -174 (base 10) to base 5.
-1144
-a095 (base 12) to base 8
-41761
What is -430223 (base 5) in base 11?
-a936
Convert -120010 (base 3) to base 4.
-12120
328 (base 11) to base 8
611
Convert -542 (base 9) to base 11.
-373
-77a (base 15) to base 14
-88a
-81b (base 13) to base 11
-1041
-375 (base 13) to base 5
-4403
Convert 9b6 (base 14) to base 11.
149a
Convert -3153 (base 7) to base 10.
-1116
251 (base 9) to base 14
10c
What is 4342 (base 5) in base 15?
29c
What is -1043 (base 7) in base 2?
-101110110
Convert -136d (base 15) to base 11.
-3136
Convert 8673 (base 11) to base 7.
45252
What is -36431 (base 7) in base 6?
-111515
What is 1604 (base 9) in base 5?
14334
Convert 573d (base 15) to base 11.
129a6
Convert 924 (base 16) to base 12.
1430
What is -1000112121 (base 3) in base 12?
-b751
What is -1001111 (base 3) in base 6?
-3321
Convert 2f4 (base 16) to base 8.
1364
207 (base 14) to base 6
1503
-453 (base 12) to base 8
-1177
What is -5624 (base 7) in base 3?
-2210002
What is -bbd2 (base 15) in base 6?
-504125
Convert -12a0 (base 14) to base 15.
-e86
What is -1210121 (base 3) in base 6?
-10024
What is 1427 (base 8) in base 12?
55b
-713 (base 8) to base 7
-1224
What is -1bc4 (base 15) in base 8?
-13622
What is -4001 (base 9) in base 5?
-43132
What is 22112 (base 3) in base 15?
105
-10a6 (base 15) to base 16
-dcb
What is 170 (base 13) in base 9?
318
Convert -10000000010111 (base 2) to base 13.
-397c
What is -1030 (base 5) in base 3?
-12012
What is -42512 (base 6) in base 7?
-22631
Convert -a948 (base 15) to base 16.
-8c03
-23024 (base 5) to base 11
-1260
Convert 12155 (base 8) to base 7.
21150
66305 (base 7) to base 3
211210102
What is a6a0 (base 11) in base 3?
201101221
-14303 (base 5) to base 15
-553
What is -33260 (base 12) in base 7?
-401346
What is -154 (base 12) in base 8?
-320
16374 (base 9) to base 4
2233231
Convert -704 (base 9) to base 13.
-34c
Convert 10222 (base 5) to base 16.
2af
Convert -23281 (base 9) to base 7.
-63214
Convert -1524 (base 8) to base 7.
-2325
What is -1012011 (base 3) in base 4?
-31210
Convert -5670 (base 9) to base 4.
-1001202
Convert -3cb (base 14) to base 5.
-11032
What is 15e0 (base 15) in base 14?
1a06
Convert 3250 (base 6) to base 7.
2121
What is 221212120 (base 3) in base 7?
105663
21212100 (base 3) to base 10
5733
What is 221203 (base 4) in base 10?
2659
What is -136661 (base 8) in base 10?
-48561
-3720 (base 10) to base 3
-12002210
Convert -4198 (base 10) to base 7.
-15145
What is -341a (base 11) in base 16?
-1192
Convert 3937 (base 10) to base 12.
2341
-2c4 (base 13) to base 4
-13302
-20850 (base 10) to base 11
-14735
What is 2344 (base 12) in base 5?
111230
What is -3445 (base 8) in base 16?
-725
What is 201 (base 12) in base 9?
351
Convert 11203 (base 5) to base 16.
323
What is -43150 (base 6) in base 10?
-5898
Convert -12102 (base 4) to base 5.
-3102
What is 1213 (base 8) in base 10?
651
What is -7414 (base 8) in base 14?
-1592
40010 (base 8) to base 15
4ccc
Convert -6833 (base 9) to base 14.
-1bac
What is 213333 (base 4) in base 6?
15503
What is -20010311 (base 4) in base 5?
-2024302
Convert 10000 (base 5) to base 14.
329
-21535 (base 6) to base 14
-1151
-1290 (base 12) to base 7
-6123
-3123 (base 4) to base 10
-219
202100 (base 3) to base 9
670
What is -30202 (base 4) in base 3?
-1002201
-23354 (base 6) to base 14
-1338
Convert 5718 (base 9) to base 2.
1000010000101
-664 (base 8) to base 13
-277
What is 9058 (base 10) in base 16?
2362
67b9 (base 12) to base 16
2cfd
205 (base 9) to base 4
2213
14a (base 13) to base 14
127
What is -1434 (base 9) in base 16?
-43c
Convert -10b87 (base 13) to base 4.
-13131003
Convert -11224 (base 7) to base 6.
-21124
What is -261 (base 10) in base 12?
-199
1634 (base 7) to base 4
22112
-696 (base 16) to base 12
-b86
Convert -4cc (base 14) to base 8.
-1704
8738 (base 9) to base 13
2c0c
What is -231 (base 8) in base 15?
-a3
Convert 862 (base 9) to base 4.
23000
Convert -257a (base 13) to base 15.
-18b0
What is 2200333 (base 4) in base 6?
115411
Convert 2211011010 (base 3) to base 5.
3234030
Convert -7278 (base 11) to base 10.
-9644
-20057 (base 10) to base 8
-47131
Convert 181 (base 12) to base 10.
241
Convert 3c9b (base 13) to base 14.
328b
Convert -136d (base 14) to base 9.
-4630
111101011 (base 2) to base 15
22b
Convert -4460 (base 7) to base 9.
-2178
10203301 (base 4) to base 15
57ed
What is 13151 (base 10) in base 16?
335f
What is -42415 (base 6) in base 3?
-21220202
What is 1000001110000 (base 2) in base 12?
2528
What is -62516 (base 9) in base 6?
-514540
What is -653 (base 15) in base 7?
-4110
Convert 22024 (base 7) to base 5.
134011
Convert 53a (base 11) to base 13.
3ab
What is -10226 (base 11) in base 9?
-22407
What is 50a (base 15) in base 12?
7a7
Convert 2212 (base 5) to base 3.
102101
Convert -850e (base 16) to base 3.
-1201201120
-23110 (base 4) to base 12
-504
4418 (base 9) to base 15
e72
-172 (base 11) to base 2
-11001000
2100320 (base 4) to base 8
22070
Convert 22504 (base 6) to base 3.
11101211
Convert 1640 (base 13) to base 5.
101023
What is -2212 (base 6) in base 4?
-20000
Convert 46834 (base 10) to base 3.
2101020121
Convert 144 (base 11) to base 15.
b4
-16c (base 15) to base 9
-403
What is 49f0 (base 16) in base 5?
1101203
Convert -4708 (base 14) to base 9.
-17848
Convert 596 (base 15) to base 5.
20031
Convert 22223 (base 4) to base 7.
1664
Convert 167c (base 13) to base 2.
110011110010
Convert -63d (base 14) to base 13.
-739
What is -213 (base 11) in base 7?
-514
What is 3130